{"id":1798,"date":"2023-09-18T10:30:26","date_gmt":"2023-09-18T09:30:26","guid":{"rendered":"https:\/\/aboutasthma.org\/attacks\/que-sucede-despues-de-un-ataque-de-asma\/"},"modified":"2024-04-22T13:20:38","modified_gmt":"2024-04-22T12:20:38","slug":"que-sucede-despues-de-un-ataque-de-asma","status":"publish","type":"attacks","link":"https:\/\/aboutasthma.org\/es\/ataques\/que-sucede-despues-de-un-ataque-de-asma\/","title":{"rendered":"\u00bfQu\u00e9 sucede despu\u00e9s de un ataque de asma"},"content":{"rendered":"\t\t<div data-elementor-type=\"wp-post\" data-elementor-id=\"1798\" class=\"elementor elementor-1798 elementor-108\">\n\t\t\t\t<div class=\"elementor-element elementor-element-1a05d04 e-flex e-con-boxed e-con e-parent\" data-id=\"1a05d04\" data-element_type=\"container\" data-e-type=\"container\">\n\t\t\t\t\t<div class=\"e-con-inner\">\n\t\t\t\t<div class=\"elementor-element elementor-element-340f107 elementor-widget elementor-widget-text-editor\" data-id=\"340f107\" data-element_type=\"widget\" data-e-type=\"widget\" data-widget_type=\"text-editor.default\">\n\t\t\t\t<div class=\"elementor-widget-container\">\n\t\t\t\t\t\t\t\t\t<p>En los d\u00edas posteriores a un ataque de asma, es posible que se sienta muy cansado. Dese el tiempo necesario para recuperarse y descanse todo lo que necesite. Con la ayuda y las recomendaciones adecuadas, pronto volver\u00e1 a su vida normal.  <\/p>\n\t\t\t\t\t\t\t\t<\/div>\n\t\t\t\t<\/div>\n\t\t\t\t\t<\/div>\n\t\t\t\t<\/div>\n\t\t<div class=\"elementor-element elementor-element-a3983a8 e-flex e-con-boxed e-con e-parent\" data-id=\"a3983a8\" data-element_type=\"container\" data-e-type=\"container\">\n\t\t\t\t\t<div class=\"e-con-inner\">\n\t\t\t\t<div class=\"elementor-element elementor-element-9ac38eb elementor-widget elementor-widget-heading\" data-id=\"9ac38eb\" data-element_type=\"widget\" data-e-type=\"widget\" data-widget_type=\"heading.default\">\n\t\t\t\t<div class=\"elementor-widget-container\">\n\t\t\t\t\t<h2 class=\"elementor-heading-title elementor-size-default\">Siga el plan de asma<\/h2>\t\t\t\t<\/div>\n\t\t\t\t<\/div>\n\t\t\t\t<div class=\"elementor-element elementor-element-25cd0fd elementor-widget elementor-widget-text-editor\" data-id=\"25cd0fd\" data-element_type=\"widget\" data-e-type=\"widget\" data-widget_type=\"text-editor.default\">\n\t\t\t\t<div class=\"elementor-widget-container\">\n\t\t\t\t\t\t\t\t\t<p>Su <a href=\"https:\/\/aboutasthma.org\/care\/master-your-asthma-action-plan\/\"> plan de acci\u00f3n para el asma<\/a> le indicar\u00e1 qu\u00e9 hacer en caso de un ataque. Es posible que deba intensificar su tratamiento durante un tiempo o que deba aumentar o cambiar su tratamiento de control. Recuerde que su plan de acci\u00f3n est\u00e1 adaptado a sus necesidades y s\u00f3lo sirve para usted. Si ha tenido que ir a un servicio de urgencias u hospital, es posible que le den un plan a corto plazo para seguir durante la siguiente semana o dos hasta que pueda ver a su m\u00e9dico habitual. <\/p>\n\t\t\t\t\t\t\t\t<\/div>\n\t\t\t\t<\/div>\n\t\t\t\t<div class=\"elementor-element elementor-element-af4df06 tip elementor-widget elementor-widget-text-editor\" data-id=\"af4df06\" data-element_type=\"widget\" data-e-type=\"widget\" data-widget_type=\"text-editor.default\">\n\t\t\t\t<div class=\"elementor-widget-container\">\n\t\t\t\t\t\t\t\t\t<p>Registre su recuperaci\u00f3n en su <a href=\"https:\/\/aboutasthma.org\/care\/master-your-asthma-action-plan\/\">diario de asma<\/a> para poder describir a su m\u00e9dico la situaci\u00f3n con precisi\u00f3n<\/p>\n\t\t\t\t\t\t\t\t<\/div>\n\t\t\t\t<\/div>\n\t\t\t\t\t<\/div>\n\t\t\t\t<\/div>\n\t\t<div class=\"elementor-element elementor-element-85e38c4 e-flex e-con-boxed e-con e-parent\" data-id=\"85e38c4\" data-element_type=\"container\" data-e-type=\"container\">\n\t\t\t\t\t<div class=\"e-con-inner\">\n\t\t\t\t<div class=\"elementor-element elementor-element-91b72c9 elementor-widget elementor-widget-heading\" data-id=\"91b72c9\" data-element_type=\"widget\" data-e-type=\"widget\" data-widget_type=\"heading.default\">\n\t\t\t\t<div class=\"elementor-widget-container\">\n\t\t\t\t\t<h2 class=\"elementor-heading-title elementor-size-default\">Consulte a su m\u00e9dico<\/h2>\t\t\t\t<\/div>\n\t\t\t\t<\/div>\n\t\t\t\t<div class=\"elementor-element elementor-element-e69d765 elementor-widget elementor-widget-text-editor\" data-id=\"e69d765\" data-element_type=\"widget\" data-e-type=\"widget\" data-widget_type=\"text-editor.default\">\n\t\t\t\t<div class=\"elementor-widget-container\">\n\t\t\t\t\t\t\t\t\t<p>Despu\u00e9s de un ataque de asma que ha resuelto por usted mismo, debe concertar una cita con su m\u00e9dico, de ser posible en un plazo m\u00e1ximo de dos semanas. Si lo trataron por el ataque en un hospital o por param\u00e9dicos en una ambulancia, debe consultar a un m\u00e9dico para una visita de seguimiento (por lo general, en un plazo de siete d\u00edas desde el ataque, o 1-2 d\u00edas en ni\u00f1os). <\/p>\n<p>Durante la visita, su m\u00e9dico:<\/p>\n<ul>\n<li>Verificar\u00e1 el nivel de control de los s\u00edntomas y c\u00f3mo afectan estos a su a su vida diaria (por ejemplo, limitaci\u00f3n de actividades, uso de medicamentos de rescate, despertares nocturnos provocados por el asma, etc.).<\/li>\n<li>Revisar\u00e1 su plan de acci\u00f3n escrito (o le proporcionar\u00e1 uno si a\u00fan no lo tiene).<\/li>\n<li>Verificar\u00e1 su adherencia al tratamiento y si tiene alguna dificultad para seguirlo.<\/li>\n<li>Revisar\u00e1 su t\u00e9cnica de inhalaci\u00f3n.<\/li>\n<li>Considerar\u00e1 aumentar el tratamiento si es necesario.<\/li>\n<\/ul>\n\t\t\t\t\t\t\t\t<\/div>\n\t\t\t\t<\/div>\n\t\t\t\t\t<\/div>\n\t\t\t\t<\/div>\n\t\t<div class=\"elementor-element elementor-element-dffc366 e-flex e-con-boxed e-con e-parent\" data-id=\"dffc366\" data-element_type=\"container\" data-e-type=\"container\">\n\t\t\t\t\t<div class=\"e-con-inner\">\n\t\t\t\t<div class=\"elementor-element elementor-element-5d3c50a elementor-widget elementor-widget-heading\" data-id=\"5d3c50a\" data-element_type=\"widget\" data-e-type=\"widget\" data-widget_type=\"heading.default\">\n\t\t\t\t<div class=\"elementor-widget-container\">\n\t\t\t\t\t<h2 class=\"elementor-heading-title elementor-size-default\">Revise su tratamiento para el asma<\/h2>\t\t\t\t<\/div>\n\t\t\t\t<\/div>\n\t\t\t\t<div class=\"elementor-element elementor-element-53b9569 elementor-widget elementor-widget-text-editor\" data-id=\"53b9569\" data-element_type=\"widget\" data-e-type=\"widget\" data-widget_type=\"text-editor.default\">\n\t\t\t\t<div class=\"elementor-widget-container\">\n\t\t\t\t\t\t\t\t\t<p>Incluso si se siente mejor, su asma a\u00fan puede no estar bien controlada y podr\u00eda estar en riesgo de otro ataque. Su m\u00e9dico puede sugerir cambios en el tratamiento para prevenir nuevos ataques. Es posible que identifique la causa potencial del ataque, como un desencadenante externo, y proponer cambios en el estilo de vida para evitar futuros ataques.  <\/p>\n\t\t\t\t\t\t\t\t<\/div>\n\t\t\t\t<\/div>\n\t\t\t\t\t<\/div>\n\t\t\t\t<\/div>\n\t\t\t\t<\/div>\n\t\t<div class=\"helpful-block-content wth-theme-thumbs\" data-title=\"\">\r\n<ul>\r\n<li><span class=\"wth-title\">\u00bfTe ha resultado \u00fatil este contenido?\u00a0<\/span><\/li>\r\n<li><a data-post=\"1798\" data-post-url=\"https:\/\/aboutasthma.org\/es\/ataques\/que-sucede-despues-de-un-ataque-de-asma\/\" data-post-title=\"\u00bfQu\u00e9 sucede despu\u00e9s de un ataque de asma\" data-response=\"1\" href=\"#\" class=\"wth-green-btn icon-thumbs-o-up icon1-thumbs-o-up\"><\/a><a data-response=\"0\" data-post=\"1798\" data-post-url=\"https:\/\/aboutasthma.org\/es\/ataques\/que-sucede-despues-de-un-ataque-de-asma\/\" data-post-title=\"\u00bfQu\u00e9 sucede despu\u00e9s de un ataque de asma\" href=\"#\" class=\"wth-red-btn icon-thumbs-o-down icon1-thumbs-o-down\"><\/a><\/li>\r\n<\/ul>\r\n<\/div>","protected":false},"featured_media":0,"template":"","meta":{"_acf_changed":false},"class_list":["post-1798","attacks","type-attacks","status-publish","hentry"],"acf":[],"aioseo_notices":[],"_links":{"self":[{"href":"https:\/\/aboutasthma.org\/es\/wp-json\/wp\/v2\/attacks\/1798","targetHints":{"allow":["GET"]}}],"collection":[{"href":"https:\/\/aboutasthma.org\/es\/wp-json\/wp\/v2\/attacks"}],"about":[{"href":"https:\/\/aboutasthma.org\/es\/wp-json\/wp\/v2\/types\/attacks"}],"version-history":[{"count":3,"href":"https:\/\/aboutasthma.org\/es\/wp-json\/wp\/v2\/attacks\/1798\/revisions"}],"predecessor-version":[{"id":1801,"href":"https:\/\/aboutasthma.org\/es\/wp-json\/wp\/v2\/attacks\/1798\/revisions\/1801"}],"wp:attachment":[{"href":"https:\/\/aboutasthma.org\/es\/wp-json\/wp\/v2\/media?parent=1798"}],"curies":[{"name":"wp","href":"https:\/\/api.w.org\/{rel}","templated":true}]}}

¿Qué sucede después de un ataque de asma

<div data-elementor-type="wp-post" data-elementor-id="1798" class="elementor elementor-1798 elementor-108">
				<div class="elementor-element elementor-element-1a05d04 e-flex e-con-boxed e-con e-parent" data-id="1a05d04" data-element_type="container" data-e-type="container">
					<div class="e-con-inner">
				<div class="elementor-element elementor-element-340f107 elementor-widget elementor-widget-text-editor" data-id="340f107" data-element_type="widget" data-e-type="widget" data-widget_type="text-editor.default">
				<div class="elementor-widget-container">
									<p>En los días posteriores a un ataque de asma, es posible que se sienta muy cansado. Dese el tiempo necesario para recuperarse y descanse todo lo que necesite. Con la ayuda y las recomendaciones adecuadas, pronto volverá a su vida normal.  </p>
								</div>
				</div>
					</div>
				</div>
		<div class="elementor-element elementor-element-a3983a8 e-flex e-con-boxed e-con e-parent" data-id="a3983a8" data-element_type="container" data-e-type="container">
					<div class="e-con-inner">
				<div class="elementor-element elementor-element-9ac38eb elementor-widget elementor-widget-heading" data-id="9ac38eb" data-element_type="widget" data-e-type="widget" data-widget_type="heading.default">
				<div class="elementor-widget-container">
					<h2 class="elementor-heading-title elementor-size-default">Siga el plan de asma</h2>				</div>
				</div>
				<div class="elementor-element elementor-element-25cd0fd elementor-widget elementor-widget-text-editor" data-id="25cd0fd" data-element_type="widget" data-e-type="widget" data-widget_type="text-editor.default">
				<div class="elementor-widget-container">
									<p>Su <a href="https://aboutasthma.org/care/master-your-asthma-action-plan/"> plan de acción para el asma</a> le indicará qué hacer en caso de un ataque. Es posible que deba intensificar su tratamiento durante un tiempo o que deba aumentar o cambiar su tratamiento de control. Recuerde que su plan de acción está adaptado a sus necesidades y sólo sirve para usted. Si ha tenido que ir a un servicio de urgencias u hospital, es posible que le den un plan a corto plazo para seguir durante la siguiente semana o dos hasta que pueda ver a su médico habitual. </p>
								</div>
				</div>
				<div class="elementor-element elementor-element-af4df06 tip elementor-widget elementor-widget-text-editor" data-id="af4df06" data-element_type="widget" data-e-type="widget" data-widget_type="text-editor.default">
				<div class="elementor-widget-container">
									<p>Registre su recuperación en su <a href="https://aboutasthma.org/care/master-your-asthma-action-plan/">diario de asma</a> para poder describir a su médico la situación con precisión</p>
								</div>
				</div>
					</div>
				</div>
		<div class="elementor-element elementor-element-85e38c4 e-flex e-con-boxed e-con e-parent" data-id="85e38c4" data-element_type="container" data-e-type="container">
					<div class="e-con-inner">
				<div class="elementor-element elementor-element-91b72c9 elementor-widget elementor-widget-heading" data-id="91b72c9" data-element_type="widget" data-e-type="widget" data-widget_type="heading.default">
				<div class="elementor-widget-container">
					<h2 class="elementor-heading-title elementor-size-default">Consulte a su médico</h2>				</div>
				</div>
				<div class="elementor-element elementor-element-e69d765 elementor-widget elementor-widget-text-editor" data-id="e69d765" data-element_type="widget" data-e-type="widget" data-widget_type="text-editor.default">
				<div class="elementor-widget-container">
									<p>Después de un ataque de asma que ha resuelto por usted mismo, debe concertar una cita con su médico, de ser posible en un plazo máximo de dos semanas. Si lo trataron por el ataque en un hospital o por paramédicos en una ambulancia, debe consultar a un médico para una visita de seguimiento (por lo general, en un plazo de siete días desde el ataque, o 1-2 días en niños). </p>
<p>Durante la visita, su médico:</p>
<ul>
<li>Verificará el nivel de control de los síntomas y cómo afectan estos a su a su vida diaria (por ejemplo, limitación de actividades, uso de medicamentos de rescate, despertares nocturnos provocados por el asma, etc.).</li>
<li>Revisará su plan de acción escrito (o le proporcionará uno si aún no lo tiene).</li>
<li>Verificará su adherencia al tratamiento y si tiene alguna dificultad para seguirlo.</li>
<li>Revisará su técnica de inhalación.</li>
<li>Considerará aumentar el tratamiento si es necesario.</li>
</ul>
								</div>
				</div>
					</div>
				</div>
		<div class="elementor-element elementor-element-dffc366 e-flex e-con-boxed e-con e-parent" data-id="dffc366" data-element_type="container" data-e-type="container">
					<div class="e-con-inner">
				<div class="elementor-element elementor-element-5d3c50a elementor-widget elementor-widget-heading" data-id="5d3c50a" data-element_type="widget" data-e-type="widget" data-widget_type="heading.default">
				<div class="elementor-widget-container">
					<h2 class="elementor-heading-title elementor-size-default">Revise su tratamiento para el asma</h2>				</div>
				</div>
				<div class="elementor-element elementor-element-53b9569 elementor-widget elementor-widget-text-editor" data-id="53b9569" data-element_type="widget" data-e-type="widget" data-widget_type="text-editor.default">
				<div class="elementor-widget-container">
									<p>Incluso si se siente mejor, su asma aún puede no estar bien controlada y podría estar en riesgo de otro ataque. Su médico puede sugerir cambios en el tratamiento para prevenir nuevos ataques. Es posible que identifique la causa potencial del ataque, como un desencadenante externo, y proponer cambios en el estilo de vida para evitar futuros ataques.  </p>
								</div>
				</div>
					</div>
				</div>
				</div>
		<div class="helpful-block-content wth-theme-thumbs" data-title="">
<ul>
<li><span class="wth-title">¿Te ha resultado útil este contenido? </span></li>
<li><a data-post="1798" data-post-url="https://aboutasthma.org/es/ataques/que-sucede-despues-de-un-ataque-de-asma/" data-post-title="¿Qué sucede después de un ataque de asma" data-response="1" href="#" class="wth-green-btn icon-thumbs-o-up icon1-thumbs-o-up"></a><a data-response="0" data-post="1798" data-post-url="https://aboutasthma.org/es/ataques/que-sucede-despues-de-un-ataque-de-asma/" data-post-title="¿Qué sucede después de un ataque de asma" href="#" class="wth-red-btn icon-thumbs-o-down icon1-thumbs-o-down"></a></li>
</ul>
</div>
